*4/24 - b**3/6 + 343*b**2. Let i = -9 + 15. Calculate g(i).
-7
Let n(w) = -2*w + w - 2*w. Suppose -6 = -2053*h + 2050*h. Determine n(h).
-6
Let p(a) = -a - 1. Let y = -279 + 282. What is p(y)?
-4
Let d be 2/15 + 47/(-15). Let f = -213 + 414. Let z(g) = -3 + 3 - 203*g + f*g. Give z(d).
6
Suppose 13*j + 16 = 9*j. Let t(q) = 13*q**2 + q - 3. Let b(i) = -12*i**2 - i + 2. Let y(l) = j*b(l) - 3*t(l). Determine y(-1).
9
Let y(u) = -3*u**2 - 7*u - 8. Suppose 0 = -604*z + 621*z + 85. Give y(z).
-48
Suppose n + 11 = 3*a, -n + 19 = 2*n + 4*a. Let m(y) = 1 - 2*y - n + y + 3. Give m(10).
-7
Suppose -3*y = -4*d - 8, d - 5*y + 2 = -y. Let t = 5 + d. Let s(r) = 11*r**2 + 6*r - 3. Let m(c) = 9*c**2 + 6*c - 3. Let x(i) = 6*m(i) - 5*s(i). What is x(t)?
6
Let w(g) = g**3 - 8*g**2 + 8*g + 1. Let j(d) = d**2 + d + 3. Let v be j(-7). Let z = -38 + v. What is w(z)?
8
Let i(u) = -4*u**2 + 25*u - 6. Let k(v) = -5*v**2 + 29*v - 8. Let y(r) = 6*i(r) - 5*k(r). What is y(-3)?
-2
Let t(i) = i**2 + i + 1. Let v(g) = g**3 + 3*g**2 - 22*g. Let d(n) = -4*t(n) - v(n). Give d(-9).
-4
Suppose 3*q - 213 = -3*z, -2*z - 5*q = -196 + 66. Suppose 3*p + 2*p = z. Suppose -a - p = 4*a. Let f(m) = -m**2 - m - 1. Give f(a).
-7
Let v(b) = 2*b**2 + b - 4. Let a be v(-3). Let o(y) = 5*y. Let d(l) = 4*l + 1. Let q(f) = 6*d(f) - 5*o(f). What is q(a)?
-5
Suppose -2*h + 2 = -h. Let n be ((-8)/(-20))/((-1)/(-10)). Let t(c) = c**h + 7*c + 2 - 1 + n. Give t(-6).
-1
Suppose 4*l = 2*p + 12, -3*l - 4 = -0*l + 5*p. Let s(q) = 2*q + 4 - q**l - 6 + 2. Suppose 3*j - 5*n = -11, -j - 2*n + 0*n = 0. Calculate s(j).
-8
Let a(x) = -x**3 - 6*x**2 - 6*x - 6. Let q = 4 - 4. Let m be (-1)/2 - (-76)/(-8). Let g be (m + q)*4/8. What is a(g)?
-1
Let o(h) = 12*h + 1. Suppose 8*m = 10*m - 4. Suppose 4 = 2*y + m. Give o(y).
13
Let d(a) = 2*a + 38. Let c be d(-18). Suppose 11*n - 16*n = 0. Let x(g) = n*g - g + c*g + 0*g. Calculate x(-3).
-3
Let l = -208 + 993. Let g(o) = -12*o - l + 785. Calculate g(1).
-12
Let n(x) = x - 5. Let z(p) = 5*p**2 + 10*p - 11. Let v(g) = g**2 + g. Let h(d) = 4*v(d) - z(d). Let q = -25 - -18. Let k be h(q). What is n(k)?
-1
Let n be -1*(10 + -1 + 4). Let b(c) = c**3 + 14*c**2 + 13*c + 8. Determine b(n).
8
Let s(a) = -a**2 + 2*a + 3. Let p be s(4). Let u(j) be the first derivative of 5/3*j**3 - 1 + 1/4*j**4 + 0*j**2 + 3*j. Calculate u(p).
3
Let b(h) = 3*h**3 - h**2 - 18*h - 3. Let y be b(3). Let m(c) = -c**3 + 15*c**2 - c + 13. Give m(y).
-2
Let w(n) = -n**3 - 6*n**2 - n - 7. Let s be 1*(4 - 2)*2. Suppose 2*x - 3*g + 2*g + 10 = 0, s*x - g + 20 = 0. Give w(x).
-27
Let f(n) be the first derivative of n**3/3 + 3*n**2 + 11*n - 7. Let c be f(-4). Let l(z) = 0 - 4 + z**3 - 2*z**2 + 2 + 4*z. Give l(c).
19
Suppose -m + 19*z = 21*z - 5, m - 4*z - 17 = 0. Let w(a) = -a**3 + 8*a**2 + 3*a + 6. Calculate w(m).
-48
Suppose -2*j + 4*j = 4*n - 12, -3*n = -12. Let h = -45 + 52. Let i(k) = k + h - 1 - j*k. Give i(7).
-1
Let t be (15/(-30))/((-4)/(-24)). Let l(g) = -g**2 - 6*g - 6. What is l(t)?
3
Suppose 10*d - 50 = -0*d. Let t(i) = i**3 - 7*i**2 + 12*i - 7. Give t(d).
3
Let r(n) = -n**2 + 6*n. Let p be r(5). Suppose z + p*g - 15 = 0, z + 4*g - 11 = 1. Let b(t) = -4*t + z*t + 1 + 2*t + 0*t. Calculate b(-2).
5
Suppose -5*s = -17 - 48. Let y(p) = -2*p**3 - 14*p**2 + s*p**2 - 2*p + p**3 + p. What is y(0)?
0
Let c(p) = -p - 1. Suppose 5*u - 12 = 2*g - 2, 2*u - 10 = 2*g. Suppose -34 = -4*j - u*j - 2*t, -3*j + 43 = 5*t. Let w = 6 - j. What is c(w)?
-1
Let n(j) = 4*j - 5. Suppose 3*o - 36 = -3*h, -3*h + 5*h + 5*o - 12 = 0. Let p = h + -12. What is n(p)?
11
Let n(g) = 2 - 5*g - 5*g**2 - 4 - 12*g**2 + 0*g**2 + 16*g**2. Determine n(-4).
2
Let r(y) = -14*y**3 + y**2 - 8*y + 10. Let a(i) = -5*i**3 - 3*i + 3. Let k(o) = -11*a(o) + 4*r(o). Let h(p) = p**2 - 25*p + 105. Let m be h(20). Give k(m).
-13
Let h(o) = -o**2 - 10*o + 3. Suppose k - 2 = 4*a - 5, -5*k - 34 = -a. Let i be h(k). Let j be (i/(-20))/((-2)/(-10)). Let b(v) = 4*v + 8. Give b(j).
-16
Let u(r) = -3*r - 26. Let o(p) = 7*p + 54. Let v(n) = 2*o(n) + 5*u(n). Give v(-14).
-8
Let f(c) be the first derivative of c**4/4 + 5*c**3/3 + 5*c**2/2 + 4*c + 182. What is f(-3)?
7
Let d(t) = -17*t - 2. Suppose -6 = k - 4*h, 0 = 2*k - 38*h + 35*h + 2. Give d(k).
-36
Suppose -4*w = -3*z + 64, 3*z = -8*w + 3*w + 28. Let a = z + -11. Let m(u) = -2*u + 2. Determine m(a).
-8
Let b be ((-4)/(-14))/((-2)/(-56)). Let p(n) = 23*n**2 - b*n**2 - 7*n**2 - 14*n**2 + 4 + n**3 + 5*n. Let x = 15 + -11. Calculate p(x).
-8
Let f = -997 - -997. Let k(l) = -l**3 - l**2 + 16. What is k(f)?
16
Let f(l) = -2*l - 1. Let q(z) = -z**2 + 7*z + 5. Let x = 1 + 11. Suppose 2*m - x = 4. Let v be q(m). What is f(v)?
5
Let z(b) be the second derivative of -2*b**3/3 + 15*b**2/2 - 300*b. Give z(4).
-1
Let n(j) = j**3 - 5*j**2 + 3*j + 5. Suppose -56*m = -54*m - 8. What is n(m)?
1
Let i = -32 - -37. Suppose 4 = -4*l - f, 0 = 2*l - 4*f + i*f. Let c(p) be the second derivative of p**5/20 + p**4/3 + p**3/6 - p**2/2 - p. Determine c(l).
5
Suppose 4*s + 0*s = 4. Let r(g) = -4*g + 1. Give r(s).
-3
Suppose 7*l - 3*l = -4. Let u(d) = -14*d. Calculate u(l).
14
Let q be -2*(-5)/((-10)/(-3)). Let t(z) = 6*z + 0*z**q + 8*z**2 + 4 - 13*z - z**3. Let h be (-76)/(-12) + 10/15. What is t(h)?
4
Suppose 2*f = 5*n - 115, -f - f = -4*n + 92. Let v(h) = -4 + n*h - 22*h - 5. What is v(7)?
-2
Let z(o) = -6*o**2 - 2*o - 1. Let g(y) = -y**3 - 9*y**2 + 9*y - 6. Suppose 2*m = -2*m - 40. Let h be g(m). Suppose -2*k = -6*k - h. Calculate z(k).
-5
Let r(p) = -p**3 - 3*p**2 + 5*p + 5. Let c be r(-4). Let s(a) = -c + 0 + 0 - a + 0*a. Let i = 31 + -27. What is s(i)?
-5
Let h(a) = 24*a - 14. Let b(k) = 8*k - 4. Let n(z) = -10*b(z) + 3*h(z). Give n(2).
-18
Let c(a) be the third derivative of -a**5/15 + a**4/24 - a**3/6 + 8*a**2. Let o(l) = -3*l + 47. Let u be o(15). Determine c(u).
-15
Let z(o) = -o + 17. Let i be z(23). Let j(w) = 2*w + 4. What is j(i)?
-8
Let h(m) be the second derivative of -m**5/20 - m**4/3 - m**2/2 - 2*m. Let z be 62/(-16) - (4 + 31/(-8)). Determine h(z).
-1
Let r = 12 + -1. Suppose -r*c = -7*c - 12. Let q(l) = -4 + 4 - l**2 - 4*l + c - 1. Calculate q(-4).
2
Let v be (3 + 10/(-4))*-14. Let k be v/42 - 67/(-6). Suppose 3*a - k + 17 = 0. Let c(p) = p**3 - 2*p**2 - 3*p - 1. Determine c(a).
-11
Let f be 5 + (-36)/10 - (-10)/(-25). Let n(g) = -6*g + 2. Give n(f).
-4
Let p be 2*-1*1*-2. Let b(h) = h**2 + 12*h + 4. Let r be b(-12). Let w(v) = -6*v**2 + 3*v**3 - 4*v - v**2 - p*v**3 + r. Give w(-6).
-8
Let f be -27 + (8/2 - 1). Let p be (6/f)/(1/(-12)). Let v(r) = 4*r - 2. Give v(p).
10
Let h(d) be the second derivative of -1/12*d**4 + 0*d**3 + 0*d**2 + 15*d - 1/20*d**5 + 0. Give h(-1).
0
Let r(h) = 2. Let x(w) = w + 9. Let d(u) = -11*r(u) + 2*x(u). Let b be 6/(-8)*(1 + -5). Determine d(b).
2
Let x(l) = -l + 10. Let j(o) be the second derivative of 0*o**2 + 0 + 1/6*o**4 - 1/6*o**3 + 12*o. Let c be j(2). What is x(c)?
4
Let x(d) = -7*d**2 + 9*d + 3. Let s(w) = 4*w**2 - 5*w - 2. Let t(y) = -5*s(y) - 3*x(y). Let v = 12 - 10. Calculate t(v).
1
Let z be ((-12)/21)/((-3)/21). Let l(a) = -a + 7. Determine l(z).
3
Let s(k) be the first derivative of 1 + 3/2*k**2 - k. Suppose 0 = x - 2*a + 6, -2*a + 2 = x - 4*x. Give s(x).
5
Suppose -4*h + 2 = 14. Let s = 0 + h. Let f(a) = 7*a**2 + 11*a + 1. Let g(d) = -4*d**2 - 5*d. Let k(p) = -3*f(p) - 5*g(p). What is k(s)?
12
Let y = 10 + -9. Let u(f) = 19*f**2 + f - 1. Let r(q) = -18*q**2 - q + 1. Let d(c) = 3*r(c) + 2*u(c). Give d(y).
-16
Let q be (0 + 2)/((-95)/(-45) + -2). Let y(x) = -x + 23. Determine y(q).
5
Let d(o) = -12*o**3 - 3*o**2 - 4 + o**2 + 5 + 0. What is d(1)?
-13
Suppose 10*f = 282 - 322. Let r(b) = b - 2. Determine r(f).
-6
Let o(n) = -7*n**3 - 8*n**2 - 8*n - 3. Let b(p) = 4*p**3 - p**2 - 2*p. Let v(z) = 2*b(z) + o(z). Calculate v(11).
-14
Let s(u) = -u**3 - 4*u**2 + 7*u + 4. Suppose -2*h = -10, 2*h - 290 = -c + 6*c. Let q be (1 - (-13)/(-3))/(c/(-84)). Give s(q).
-6
Let j(q) = -7*q + 2. Let c(f) = 9*f - 1. Let m(h) = 2*c(h) + 3*j(h). Determine m(5).
-11
Let k(r) = 12*r**2 + 2*r - 5. Let c(m) = 23*m**2 + 3*m - 9. Let h(y) = -4*c(y) + 7*k(y). Suppose -7 + 4 = 3*i. Determine h(i).
-9
Suppose -3*d - 28 + 10 = 0. Let u(l) be the second derivative of l**3/2 + 9*l**2/2 - 8914*l. What is u(d)?
-9